{"id":154,"date":"2020-04-01T19:18:29","date_gmt":"2020-04-01T19:18:29","guid":{"rendered":"https:\/\/acriya.com\/website\/?page_id=154"},"modified":"2024-12-08T11:35:44","modified_gmt":"2024-12-08T16:35:44","slug":"nosotros","status":"publish","type":"page","link":"https:\/\/acriya.co\/website\/nosotros\/","title":{"rendered":"Nosotros"},"content":{"rendered":"\t\t<div data-elementor-type=\"wp-page\" data-elementor-id=\"154\" class=\"elementor elementor-154\">\n\t\t\t\t\t\t<section class=\"elementor-section elementor-top-section elementor-element elementor-element-19969cb elementor-section-boxed elementor-section-height-default elementor-section-height-default\" data-id=\"19969cb\" data-element_type=\"section\">\n\t\t\t\t\t\t<div class=\"elementor-container elementor-column-gap-default\">\n\t\t\t\t\t<div class=\"elementor-column elementor-col-50 elementor-top-column elementor-element elementor-element-d7f5a55\" data-id=\"d7f5a55\" data-element_type=\"column\">\n\t\t\t<div class=\"elementor-widget-wrap elementor-element-populated\">\n\t\t\t\t\t\t<div class=\"elementor-element elementor-element-be1f3a2 elementor-widget elementor-widget-text-editor\" data-id=\"be1f3a2\" data-element_type=\"widget\" data-widget_type=\"text-editor.default\">\n\t\t\t\t<div class=\"elementor-widget-container\">\n\t\t\t\t\t\t\t\t\t<p class=\"Titulos\"><b>\u00bfQui\u00e9nes<\/b><strong>\u00a0Somos?<\/strong><\/p><p class=\"TextoGral\"><strong>Acriya<\/strong> es una empresa Colombiana que se especializa en la transformaci\u00f3n de materiales acr\u00edlicos, convirti\u00e9ndolos en productos \u00fatiles. De igual manera comercializamos l\u00e1minas y fracciones acr\u00edlicas de todos los colores y calibres, as\u00ed como l\u00e1minas de poliestireno.<\/p><p class=\"TextoGral\">Hemos crecido en los \u00faltimos a\u00f1os gracias a la confianza depositada por nuestros Clientes. Contamos con herramientas tecnol\u00f3gicas de vanguardia que nos permiten optimizar costos y tiempos de entrega, as\u00ed como una mayor exactitud y calidad de producto terminado.<\/p><p class=\"TextoGral\">Nuestro recurso humano es lo m\u00e1s importante, ya que adem\u00e1s de su capacidad t\u00e9cnica cuenta con la actitud de servicio que siempre nos ha caracterizado. Siempre dados a entregar lo mejor de cada uno en pro de ayudarle a nuestros clientes y de aparender de ellos para lograr las metas conjuntas que nos beneficien mutuamente.<\/p><p class=\"Titulos\"><strong>Nuestro Prop\u00f3sito:<\/strong><\/p><p>M<span class=\"TextoGral\">\u00e1s all\u00e1 ce la fabricaci\u00f3n de productos, es brindar apoyo y orientaci\u00f3n a nuestros clientes en el dise\u00f1o, la fabricaci\u00f3n y la comercializaci\u00f3n de productos acr\u00edlicos, corte l\u00e1ser y corte en rutedora cnc.<br \/>Estamos orgullosos de nuestra historia, nuestro conocimiento t\u00e9cnico adquirido y en constante evoluci\u00f3n y por la destreza de artesanos expertos que nos ha acompa\u00f1ado por a\u00f1os antes de la implementaci\u00f3n tecnol\u00f3gica.<\/span><\/p><p class=\"Titulos\"><strong>Misi\u00f3n:<\/strong><\/p><p>Convertirn<span class=\"TextoGral\">os en un aliado estrat\u00e9gico para todos nuestros clientes, ofreciendo lo mejor en infraestructura y capital humano. Ser una empresa l\u00edder de el mercado del acr\u00edlico y el desarrollo de elementos publicitarios en este material. Ser reconocidos por la calidad de nuestro servicio y producto terminado, contribuyendo a la vez al desarrollo econ\u00f3mico y social de nuestro pa\u00eds.<\/span><\/p><p class=\"Titulos\"><strong>Visi\u00f3n:<\/strong><\/p><p class=\"TextoGral\">Ser reconocidos por nuestra experiencia, innovaci\u00f3n, compromiso y calidad, logrando que nuestros clientes encuentren en nosotros la mejor respuesta a sus necesidades. Lograr una mayor participaci\u00f3n en el mercado gracias al desarrollo tecnol\u00f3gico permanente.<\/p>\t\t\t\t\t\t\t\t<\/div>\n\t\t\t\t<\/div>\n\t\t\t\t\t<\/div>\n\t\t<\/div>\n\t\t\t\t<div class=\"elementor-column elementor-col-50 elementor-top-column elementor-element elementor-element-26a4f7c\" data-id=\"26a4f7c\" data-element_type=\"column\" data-settings=\"{&quot;background_background&quot;:&quot;classic&quot;}\">\n\t\t\t<div class=\"elementor-widget-wrap elementor-element-populated\">\n\t\t\t\t\t\t<div class=\"elementor-element elementor-element-93ae21c elementor-invisible elementor-widget elementor-widget-image\" data-id=\"93ae21c\" data-element_type=\"widget\" data-settings=\"{&quot;_animation&quot;:&quot;fadeIn&quot;,&quot;_animation_delay&quot;:200}\" data-widget_type=\"image.default\">\n\t\t\t\t<div class=\"elementor-widget-container\">\n\t\t\t\t\t\t\t\t\t\t\t\t\t\t\t<img decoding=\"async\" data-src=\"https:\/\/acriya.co\/website\/wp-content\/uploads\/2020\/04\/800x800-Imagen-6.jpg\" title=\"\" alt=\"\" src=\"data:image\/svg+xml;base64,PHN2ZyB3aWR0aD0iMSIgaGVpZ2h0PSIxIiB4bWxucz0iaHR0cDovL3d3dy53My5vcmcvMjAwMC9zdmciPjwvc3ZnPg==\" class=\"lazyload\" \/>\t\t\t\t\t\t\t\t\t\t\t\t\t\t\t<\/div>\n\t\t\t\t<\/div>\n\t\t\t\t<div class=\"elementor-element elementor-element-7ff917a animated-slow elementor-invisible elementor-widget elementor-widget-image\" data-id=\"7ff917a\" data-element_type=\"widget\" data-settings=\"{&quot;_animation&quot;:&quot;fadeInUp&quot;,&quot;_animation_delay&quot;:800}\" data-widget_type=\"image.default\">\n\t\t\t\t<div class=\"elementor-widget-container\">\n\t\t\t\t\t\t\t\t\t\t\t\t\t\t\t<img fetchpriority=\"high\" decoding=\"async\" width=\"464\" height=\"278\" src=\"https:\/\/acriya.co\/website\/wp-content\/uploads\/2020\/04\/LogoAcriya.jpg\" class=\"attachment-medium_large size-medium_large wp-image-294\" alt=\"\" srcset=\"https:\/\/acriya.co\/website\/wp-content\/uploads\/2020\/04\/LogoAcriya.jpg 464w, https:\/\/acriya.co\/website\/wp-content\/uploads\/2020\/04\/LogoAcriya-300x180.jpg 300w\" sizes=\"(max-width: 464px) 100vw, 464px\" \/>\t\t\t\t\t\t\t\t\t\t\t\t\t\t\t<\/div>\n\t\t\t\t<\/div>\n\t\t\t\t\t<\/div>\n\t\t<\/div>\n\t\t\t\t\t<\/div>\n\t\t<\/section>\n\t\t\t\t<section class=\"elementor-section elementor-top-section elementor-element elementor-element-f401cec elementor-section-boxed elementor-section-height-default elementor-section-height-default\" data-id=\"f401cec\" data-element_type=\"section\" data-settings=\"{&quot;background_background&quot;:&quot;classic&quot;}\">\n\t\t\t\t\t\t<div class=\"elementor-container elementor-column-gap-default\">\n\t\t\t\t\t<div class=\"elementor-column elementor-col-100 elementor-top-column elementor-element elementor-element-5ef4178\" data-id=\"5ef4178\" data-element_type=\"column\">\n\t\t\t<div class=\"elementor-widget-wrap elementor-element-populated\">\n\t\t\t\t\t\t<div class=\"elementor-element elementor-element-73113bb elementor-widget elementor-widget-heading\" data-id=\"73113bb\" data-element_type=\"widget\" data-widget_type=\"heading.default\">\n\t\t\t\t<div class=\"elementor-widget-container\">\n\t\t\t\t\t<h2 class=\"elementor-heading-title elementor-size-default\">Nuestro equ\u00edpo de trabajo<\/h2>\t\t\t\t<\/div>\n\t\t\t\t<\/div>\n\t\t\t\t\t<\/div>\n\t\t<\/div>\n\t\t\t\t\t<\/div>\n\t\t<\/section>\n\t\t\t\t<section class=\"elementor-section elementor-top-section elementor-element elementor-element-edca92e elementor-section-boxed elementor-section-height-default elementor-section-height-default\" data-id=\"edca92e\" data-element_type=\"section\" data-settings=\"{&quot;background_background&quot;:&quot;classic&quot;}\">\n\t\t\t\t\t\t<div class=\"elementor-container elementor-column-gap-default\">\n\t\t\t\t\t<div class=\"elementor-column elementor-col-50 elementor-top-column elementor-element elementor-element-077bce2\" data-id=\"077bce2\" data-element_type=\"column\">\n\t\t\t<div class=\"elementor-widget-wrap elementor-element-populated\">\n\t\t\t\t\t\t<div class=\"elementor-element elementor-element-c5fbc90 elementor-position-top elementor-widget elementor-widget-image-box\" data-id=\"c5fbc90\" data-element_type=\"widget\" data-widget_type=\"image-box.default\">\n\t\t\t\t<div class=\"elementor-widget-container\">\n\t\t\t\t\t<div class=\"elementor-image-box-wrapper\"><figure class=\"elementor-image-box-img\"><img decoding=\"async\" data-src=\"https:\/\/acriya.co\/website\/wp-content\/plugins\/elementor\/assets\/images\/placeholder.png\" title=\"\" alt=\"\" src=\"data:image\/svg+xml;base64,PHN2ZyB3aWR0aD0iMSIgaGVpZ2h0PSIxIiB4bWxucz0iaHR0cDovL3d3dy53My5vcmcvMjAwMC9zdmciPjwvc3ZnPg==\" class=\"lazyload\" style=\"--smush-placeholder-width: 1200px; --smush-placeholder-aspect-ratio: 1200\/800;\" \/><\/figure><div class=\"elementor-image-box-content\"><h3 class=\"elementor-image-box-title\">EDITH LOPEZ<\/h3><p class=\"elementor-image-box-description\">Gerente Comercial \/ Ventas<\/p><\/div><\/div>\t\t\t\t<\/div>\n\t\t\t\t<\/div>\n\t\t\t\t\t<\/div>\n\t\t<\/div>\n\t\t\t\t<div class=\"elementor-column elementor-col-50 elementor-top-column elementor-element elementor-element-96bf5ef\" data-id=\"96bf5ef\" data-element_type=\"column\">\n\t\t\t<div class=\"elementor-widget-wrap elementor-element-populated\">\n\t\t\t\t\t\t<div class=\"elementor-element elementor-element-085e53b elementor-position-top elementor-widget elementor-widget-image-box\" data-id=\"085e53b\" data-element_type=\"widget\" data-widget_type=\"image-box.default\">\n\t\t\t\t<div class=\"elementor-widget-container\">\n\t\t\t\t\t<div class=\"elementor-image-box-wrapper\"><figure class=\"elementor-image-box-img\"><img decoding=\"async\" data-src=\"https:\/\/acriya.co\/website\/wp-content\/plugins\/elementor\/assets\/images\/placeholder.png\" title=\"\" alt=\"\" src=\"data:image\/svg+xml;base64,PHN2ZyB3aWR0aD0iMSIgaGVpZ2h0PSIxIiB4bWxucz0iaHR0cDovL3d3dy53My5vcmcvMjAwMC9zdmciPjwvc3ZnPg==\" class=\"lazyload\" style=\"--smush-placeholder-width: 1200px; --smush-placeholder-aspect-ratio: 1200\/800;\" \/><\/figure><div class=\"elementor-image-box-content\"><h3 class=\"elementor-image-box-title\">JOSE ALEGRIA<\/h3><p class=\"elementor-image-box-description\">Gerente de producci\u00f3n<\/p><\/div><\/div>\t\t\t\t<\/div>\n\t\t\t\t<\/div>\n\t\t\t\t\t<\/div>\n\t\t<\/div>\n\t\t\t\t\t<\/div>\n\t\t<\/section>\n\t\t\t\t<section class=\"elementor-section elementor-top-section elementor-element elementor-element-3cc6cbf elementor-section-boxed elementor-section-height-default elementor-section-height-default\" data-id=\"3cc6cbf\" data-element_type=\"section\">\n\t\t\t\t\t\t<div class=\"elementor-container elementor-column-gap-default\">\n\t\t\t\t\t<div class=\"elementor-column elementor-col-100 elementor-top-column elementor-element elementor-element-49f6989\" data-id=\"49f6989\" data-element_type=\"column\">\n\t\t\t<div class=\"elementor-widget-wrap elementor-element-populated\">\n\t\t\t\t\t\t<div class=\"elementor-element elementor-element-13acacb elementor-widget elementor-widget-heading\" data-id=\"13acacb\" data-element_type=\"widget\" data-widget_type=\"heading.default\">\n\t\t\t\t<div class=\"elementor-widget-container\">\n\t\t\t\t\t<h2 class=\"elementor-heading-title elementor-size-default\">Nuestros Clientes<\/h2>\t\t\t\t<\/div>\n\t\t\t\t<\/div>\n\t\t\t\t\t<\/div>\n\t\t<\/div>\n\t\t\t\t\t<\/div>\n\t\t<\/section>\n\t\t\t\t<section class=\"elementor-section elementor-top-section elementor-element elementor-element-809d484 elementor-section-boxed elementor-section-height-default elementor-section-height-default\" data-id=\"809d484\" data-element_type=\"section\">\n\t\t\t\t\t\t<div class=\"elementor-container elementor-column-gap-default\">\n\t\t\t\t\t<div class=\"elementor-column elementor-col-20 elementor-top-column elementor-element elementor-element-1d6a360\" data-id=\"1d6a360\" data-element_type=\"column\">\n\t\t\t<div class=\"elementor-widget-wrap elementor-element-populated\">\n\t\t\t\t\t\t<div class=\"elementor-element elementor-element-e425820 elementor-widget elementor-widget-image\" data-id=\"e425820\" data-element_type=\"widget\" data-widget_type=\"image.default\">\n\t\t\t\t<div class=\"elementor-widget-container\">\n\t\t\t\t\t\t\t\t\t\t\t\t\t\t\t<img decoding=\"async\" width=\"300\" height=\"300\" data-src=\"https:\/\/acriya.co\/website\/wp-content\/uploads\/2024\/12\/Logo-Adidas-WEBP-300x300.webp\" class=\"attachment-medium size-medium wp-image-1016 lazyload\" alt=\"\" data-srcset=\"https:\/\/acriya.co\/website\/wp-content\/uploads\/2024\/12\/Logo-Adidas-WEBP-300x300.webp 300w, https:\/\/acriya.co\/website\/wp-content\/uploads\/2024\/12\/Logo-Adidas-WEBP-150x150.webp 150w, https:\/\/acriya.co\/website\/wp-content\/uploads\/2024\/12\/Logo-Adidas-WEBP-768x768.webp 768w, https:\/\/acriya.co\/website\/wp-content\/uploads\/2024\/12\/Logo-Adidas-WEBP.webp 800w\" data-sizes=\"(max-width: 300px) 100vw, 300px\" src=\"data:image\/svg+xml;base64,PHN2ZyB3aWR0aD0iMSIgaGVpZ2h0PSIxIiB4bWxucz0iaHR0cDovL3d3dy53My5vcmcvMjAwMC9zdmciPjwvc3ZnPg==\" style=\"--smush-placeholder-width: 300px; --smush-placeholder-aspect-ratio: 300\/300;\" \/>\t\t\t\t\t\t\t\t\t\t\t\t\t\t\t<\/div>\n\t\t\t\t<\/div>\n\t\t\t\t<div class=\"elementor-element elementor-element-8083152 elementor-widget elementor-widget-image\" data-id=\"8083152\" data-element_type=\"widget\" data-widget_type=\"image.default\">\n\t\t\t\t<div class=\"elementor-widget-container\">\n\t\t\t\t\t\t\t\t\t\t\t\t\t\t\t<img decoding=\"async\" width=\"800\" height=\"800\" data-src=\"https:\/\/acriya.co\/website\/wp-content\/uploads\/2024\/12\/Logo-Caprino-WEBP-1.webp\" class=\"attachment-large size-large wp-image-1022 lazyload\" alt=\"\" data-srcset=\"https:\/\/acriya.co\/website\/wp-content\/uploads\/2024\/12\/Logo-Caprino-WEBP-1.webp 800w, https:\/\/acriya.co\/website\/wp-content\/uploads\/2024\/12\/Logo-Caprino-WEBP-1-300x300.webp 300w, https:\/\/acriya.co\/website\/wp-content\/uploads\/2024\/12\/Logo-Caprino-WEBP-1-150x150.webp 150w, https:\/\/acriya.co\/website\/wp-content\/uploads\/2024\/12\/Logo-Caprino-WEBP-1-768x768.webp 768w\" data-sizes=\"(max-width: 800px) 100vw, 800px\" src=\"data:image\/svg+xml;base64,PHN2ZyB3aWR0aD0iMSIgaGVpZ2h0PSIxIiB4bWxucz0iaHR0cDovL3d3dy53My5vcmcvMjAwMC9zdmciPjwvc3ZnPg==\" style=\"--smush-placeholder-width: 800px; --smush-placeholder-aspect-ratio: 800\/800;\" \/>\t\t\t\t\t\t\t\t\t\t\t\t\t\t\t<\/div>\n\t\t\t\t<\/div>\n\t\t\t\t\t<\/div>\n\t\t<\/div>\n\t\t\t\t<div class=\"elementor-column elementor-col-20 elementor-top-column elementor-element elementor-element-1370b3c\" data-id=\"1370b3c\" data-element_type=\"column\">\n\t\t\t<div class=\"elementor-widget-wrap elementor-element-populated\">\n\t\t\t\t\t\t<div class=\"elementor-element elementor-element-b525bec elementor-widget elementor-widget-image\" data-id=\"b525bec\" data-element_type=\"widget\" data-widget_type=\"image.default\">\n\t\t\t\t<div class=\"elementor-widget-container\">\n\t\t\t\t\t\t\t\t\t\t\t\t\t\t\t<img decoding=\"async\" width=\"768\" height=\"768\" data-src=\"https:\/\/acriya.co\/website\/wp-content\/uploads\/2024\/12\/Logo-Vans-WEBP-768x768.webp\" class=\"attachment-medium_large size-medium_large wp-image-1017 lazyload\" alt=\"\" data-srcset=\"https:\/\/acriya.co\/website\/wp-content\/uploads\/2024\/12\/Logo-Vans-WEBP-768x768.webp 768w, https:\/\/acriya.co\/website\/wp-content\/uploads\/2024\/12\/Logo-Vans-WEBP-300x300.webp 300w, https:\/\/acriya.co\/website\/wp-content\/uploads\/2024\/12\/Logo-Vans-WEBP-150x150.webp 150w, https:\/\/acriya.co\/website\/wp-content\/uploads\/2024\/12\/Logo-Vans-WEBP.webp 800w\" data-sizes=\"(max-width: 768px) 100vw, 768px\" src=\"data:image\/svg+xml;base64,PHN2ZyB3aWR0aD0iMSIgaGVpZ2h0PSIxIiB4bWxucz0iaHR0cDovL3d3dy53My5vcmcvMjAwMC9zdmciPjwvc3ZnPg==\" style=\"--smush-placeholder-width: 768px; --smush-placeholder-aspect-ratio: 768\/768;\" \/>\t\t\t\t\t\t\t\t\t\t\t\t\t\t\t<\/div>\n\t\t\t\t<\/div>\n\t\t\t\t<div class=\"elementor-element elementor-element-bd21fc4 elementor-widget elementor-widget-image\" data-id=\"bd21fc4\" data-element_type=\"widget\" data-widget_type=\"image.default\">\n\t\t\t\t<div class=\"elementor-widget-container\">\n\t\t\t\t\t\t\t\t\t\t\t\t\t\t\t<img decoding=\"async\" data-src=\"https:\/\/acriya.co\/website\/wp-content\/plugins\/elementor\/assets\/images\/placeholder.png\" title=\"\" alt=\"\" src=\"data:image\/svg+xml;base64,PHN2ZyB3aWR0aD0iMSIgaGVpZ2h0PSIxIiB4bWxucz0iaHR0cDovL3d3dy53My5vcmcvMjAwMC9zdmciPjwvc3ZnPg==\" class=\"lazyload\" style=\"--smush-placeholder-width: 1200px; --smush-placeholder-aspect-ratio: 1200\/800;\" \/>\t\t\t\t\t\t\t\t\t\t\t\t\t\t\t<\/div>\n\t\t\t\t<\/div>\n\t\t\t\t\t<\/div>\n\t\t<\/div>\n\t\t\t\t<div class=\"elementor-column elementor-col-20 elementor-top-column elementor-element elementor-element-ebe8706\" data-id=\"ebe8706\" data-element_type=\"column\">\n\t\t\t<div class=\"elementor-widget-wrap elementor-element-populated\">\n\t\t\t\t\t\t<div class=\"elementor-element elementor-element-17727c3 elementor-widget elementor-widget-image\" data-id=\"17727c3\" data-element_type=\"widget\" data-widget_type=\"image.default\">\n\t\t\t\t<div class=\"elementor-widget-container\">\n\t\t\t\t\t\t\t\t\t\t\t\t\t\t\t<img decoding=\"async\" width=\"768\" height=\"768\" data-src=\"https:\/\/acriya.co\/website\/wp-content\/uploads\/2024\/12\/Logo-Coca-Cola-WEBP-768x768.webp\" class=\"attachment-medium_large size-medium_large wp-image-1018 lazyload\" alt=\"\" data-srcset=\"https:\/\/acriya.co\/website\/wp-content\/uploads\/2024\/12\/Logo-Coca-Cola-WEBP-768x768.webp 768w, https:\/\/acriya.co\/website\/wp-content\/uploads\/2024\/12\/Logo-Coca-Cola-WEBP-300x300.webp 300w, https:\/\/acriya.co\/website\/wp-content\/uploads\/2024\/12\/Logo-Coca-Cola-WEBP-150x150.webp 150w, https:\/\/acriya.co\/website\/wp-content\/uploads\/2024\/12\/Logo-Coca-Cola-WEBP.webp 800w\" data-sizes=\"(max-width: 768px) 100vw, 768px\" src=\"data:image\/svg+xml;base64,PHN2ZyB3aWR0aD0iMSIgaGVpZ2h0PSIxIiB4bWxucz0iaHR0cDovL3d3dy53My5vcmcvMjAwMC9zdmciPjwvc3ZnPg==\" style=\"--smush-placeholder-width: 768px; --smush-placeholder-aspect-ratio: 768\/768;\" \/>\t\t\t\t\t\t\t\t\t\t\t\t\t\t\t<\/div>\n\t\t\t\t<\/div>\n\t\t\t\t<div class=\"elementor-element elementor-element-4bde9f3 elementor-widget elementor-widget-image\" data-id=\"4bde9f3\" data-element_type=\"widget\" data-widget_type=\"image.default\">\n\t\t\t\t<div class=\"elementor-widget-container\">\n\t\t\t\t\t\t\t\t\t\t\t\t\t\t\t<img decoding=\"async\" data-src=\"https:\/\/acriya.co\/website\/wp-content\/plugins\/elementor\/assets\/images\/placeholder.png\" title=\"\" alt=\"\" src=\"data:image\/svg+xml;base64,PHN2ZyB3aWR0aD0iMSIgaGVpZ2h0PSIxIiB4bWxucz0iaHR0cDovL3d3dy53My5vcmcvMjAwMC9zdmciPjwvc3ZnPg==\" class=\"lazyload\" style=\"--smush-placeholder-width: 1200px; --smush-placeholder-aspect-ratio: 1200\/800;\" \/>\t\t\t\t\t\t\t\t\t\t\t\t\t\t\t<\/div>\n\t\t\t\t<\/div>\n\t\t\t\t\t<\/div>\n\t\t<\/div>\n\t\t\t\t<div class=\"elementor-column elementor-col-20 elementor-top-column elementor-element elementor-element-3efd843\" data-id=\"3efd843\" data-element_type=\"column\">\n\t\t\t<div class=\"elementor-widget-wrap elementor-element-populated\">\n\t\t\t\t\t\t<div class=\"elementor-element elementor-element-27688b1 elementor-widget elementor-widget-image\" data-id=\"27688b1\" data-element_type=\"widget\" data-widget_type=\"image.default\">\n\t\t\t\t<div class=\"elementor-widget-container\">\n\t\t\t\t\t\t\t\t\t\t\t\t\t\t\t<img decoding=\"async\" width=\"800\" height=\"800\" data-src=\"https:\/\/acriya.co\/website\/wp-content\/uploads\/2024\/12\/Logo-VEEV-WEBP.webp\" class=\"attachment-large size-large wp-image-1019 lazyload\" alt=\"\" data-srcset=\"https:\/\/acriya.co\/website\/wp-content\/uploads\/2024\/12\/Logo-VEEV-WEBP.webp 800w, https:\/\/acriya.co\/website\/wp-content\/uploads\/2024\/12\/Logo-VEEV-WEBP-300x300.webp 300w, https:\/\/acriya.co\/website\/wp-content\/uploads\/2024\/12\/Logo-VEEV-WEBP-150x150.webp 150w, https:\/\/acriya.co\/website\/wp-content\/uploads\/2024\/12\/Logo-VEEV-WEBP-768x768.webp 768w\" data-sizes=\"(max-width: 800px) 100vw, 800px\" src=\"data:image\/svg+xml;base64,PHN2ZyB3aWR0aD0iMSIgaGVpZ2h0PSIxIiB4bWxucz0iaHR0cDovL3d3dy53My5vcmcvMjAwMC9zdmciPjwvc3ZnPg==\" style=\"--smush-placeholder-width: 800px; --smush-placeholder-aspect-ratio: 800\/800;\" \/>\t\t\t\t\t\t\t\t\t\t\t\t\t\t\t<\/div>\n\t\t\t\t<\/div>\n\t\t\t\t<div class=\"elementor-element elementor-element-51333a5 elementor-widget elementor-widget-image\" data-id=\"51333a5\" data-element_type=\"widget\" data-widget_type=\"image.default\">\n\t\t\t\t<div class=\"elementor-widget-container\">\n\t\t\t\t\t\t\t\t\t\t\t\t\t\t\t<img decoding=\"async\" data-src=\"https:\/\/acriya.co\/website\/wp-content\/plugins\/elementor\/assets\/images\/placeholder.png\" title=\"\" alt=\"\" src=\"data:image\/svg+xml;base64,PHN2ZyB3aWR0aD0iMSIgaGVpZ2h0PSIxIiB4bWxucz0iaHR0cDovL3d3dy53My5vcmcvMjAwMC9zdmciPjwvc3ZnPg==\" class=\"lazyload\" style=\"--smush-placeholder-width: 1200px; --smush-placeholder-aspect-ratio: 1200\/800;\" \/>\t\t\t\t\t\t\t\t\t\t\t\t\t\t\t<\/div>\n\t\t\t\t<\/div>\n\t\t\t\t\t<\/div>\n\t\t<\/div>\n\t\t\t\t<div class=\"elementor-column elementor-col-20 elementor-top-column elementor-element elementor-element-0b68619\" data-id=\"0b68619\" data-element_type=\"column\">\n\t\t\t<div class=\"elementor-widget-wrap elementor-element-populated\">\n\t\t\t\t\t\t<div class=\"elementor-element elementor-element-fcf01dd elementor-widget elementor-widget-image\" data-id=\"fcf01dd\" data-element_type=\"widget\" data-widget_type=\"image.default\">\n\t\t\t\t<div class=\"elementor-widget-container\">\n\t\t\t\t\t\t\t\t\t\t\t\t\t\t\t<img decoding=\"async\" width=\"800\" height=\"800\" data-src=\"https:\/\/acriya.co\/website\/wp-content\/uploads\/2024\/12\/Logo-Straza-WEBP.webp\" class=\"attachment-large size-large wp-image-1020 lazyload\" alt=\"\" data-srcset=\"https:\/\/acriya.co\/website\/wp-content\/uploads\/2024\/12\/Logo-Straza-WEBP.webp 800w, https:\/\/acriya.co\/website\/wp-content\/uploads\/2024\/12\/Logo-Straza-WEBP-300x300.webp 300w, https:\/\/acriya.co\/website\/wp-content\/uploads\/2024\/12\/Logo-Straza-WEBP-150x150.webp 150w, https:\/\/acriya.co\/website\/wp-content\/uploads\/2024\/12\/Logo-Straza-WEBP-768x768.webp 768w\" data-sizes=\"(max-width: 800px) 100vw, 800px\" src=\"data:image\/svg+xml;base64,PHN2ZyB3aWR0aD0iMSIgaGVpZ2h0PSIxIiB4bWxucz0iaHR0cDovL3d3dy53My5vcmcvMjAwMC9zdmciPjwvc3ZnPg==\" style=\"--smush-placeholder-width: 800px; --smush-placeholder-aspect-ratio: 800\/800;\" \/>\t\t\t\t\t\t\t\t\t\t\t\t\t\t\t<\/div>\n\t\t\t\t<\/div>\n\t\t\t\t<div class=\"elementor-element elementor-element-dfee2ba elementor-widget elementor-widget-image\" data-id=\"dfee2ba\" data-element_type=\"widget\" data-widget_type=\"image.default\">\n\t\t\t\t<div class=\"elementor-widget-container\">\n\t\t\t\t\t\t\t\t\t\t\t\t\t\t\t<img decoding=\"async\" data-src=\"https:\/\/acriya.co\/website\/wp-content\/plugins\/elementor\/assets\/images\/placeholder.png\" title=\"\" alt=\"\" src=\"data:image\/svg+xml;base64,PHN2ZyB3aWR0aD0iMSIgaGVpZ2h0PSIxIiB4bWxucz0iaHR0cDovL3d3dy53My5vcmcvMjAwMC9zdmciPjwvc3ZnPg==\" class=\"lazyload\" style=\"--smush-placeholder-width: 1200px; --smush-placeholder-aspect-ratio: 1200\/800;\" \/>\t\t\t\t\t\t\t\t\t\t\t\t\t\t\t<\/div>\n\t\t\t\t<\/div>\n\t\t\t\t\t<\/div>\n\t\t<\/div>\n\t\t\t\t\t<\/div>\n\t\t<\/section>\n\t\t\t\t<\/div>\n\t\t","protected":false},"excerpt":{"rendered":"<p>\u00bfQui\u00e9nes\u00a0Somos? Acriya es una empresa Colombiana que se especializa en la transformaci\u00f3n de materiales acr\u00edlicos, convirti\u00e9ndolos en productos \u00fatiles. De igual manera comercializamos l\u00e1minas y fracciones acr\u00edlicas de todos los colores y calibres, as\u00ed como l\u00e1minas de poliestireno. Hemos crecido en los \u00faltimos a\u00f1os gracias a la confianza depositada por nuestros Clientes. Contamos con herramientas&hellip;&nbsp;<a href=\"https:\/\/acriya.co\/website\/nosotros\/\" rel=\"bookmark\">Leer m\u00e1s &raquo;<span class=\"screen-reader-text\">Nosotros<\/span><\/a><\/p>\n","protected":false},"author":1,"featured_media":0,"parent":0,"menu_order":0,"comment_status":"closed","ping_status":"closed","template":"page-templates\/template-pagebuilder-full-width.php","meta":{"_acf_changed":false,"neve_meta_sidebar":"full-width","neve_meta_container":"","neve_meta_enable_content_width":"on","neve_meta_content_width":100,"neve_meta_title_alignment":"","neve_meta_author_avatar":"","neve_post_elements_order":"","neve_meta_disable_header":"","neve_meta_disable_footer":"","neve_meta_disable_title":"","footnotes":""},"class_list":["post-154","page","type-page","status-publish","hentry"],"acf":[],"_links":{"self":[{"href":"https:\/\/acriya.co\/website\/wp-json\/wp\/v2\/pages\/154","targetHints":{"allow":["GET"]}}],"collection":[{"href":"https:\/\/acriya.co\/website\/wp-json\/wp\/v2\/pages"}],"about":[{"href":"https:\/\/acriya.co\/website\/wp-json\/wp\/v2\/types\/page"}],"author":[{"embeddable":true,"href":"https:\/\/acriya.co\/website\/wp-json\/wp\/v2\/users\/1"}],"replies":[{"embeddable":true,"href":"https:\/\/acriya.co\/website\/wp-json\/wp\/v2\/comments?post=154"}],"version-history":[{"count":18,"href":"https:\/\/acriya.co\/website\/wp-json\/wp\/v2\/pages\/154\/revisions"}],"predecessor-version":[{"id":1025,"href":"https:\/\/acriya.co\/website\/wp-json\/wp\/v2\/pages\/154\/revisions\/1025"}],"wp:attachment":[{"href":"https:\/\/acriya.co\/website\/wp-json\/wp\/v2\/media?parent=154"}],"curies":[{"name":"wp","href":"https:\/\/api.w.org\/{rel}","templated":true}]}}