{"id":133,"date":"2020-04-01T18:48:26","date_gmt":"2020-04-01T23:48:26","guid":{"rendered":"https:\/\/acriya.com\/website\/?page_id=133"},"modified":"2025-12-22T15:31:50","modified_gmt":"2025-12-22T20:31:50","slug":"servicios-corte-laser-y-router-cnc-en-bogota-articulos-publicitarios","status":"publish","type":"page","link":"https:\/\/acriya.co\/website\/servicios-corte-laser-y-router-cnc-en-bogota-articulos-publicitarios\/","title":{"rendered":"Servicios"},"content":{"rendered":"\t\t<div data-elementor-type=\"wp-page\" data-elementor-id=\"133\" class=\"elementor elementor-133\">\n\t\t\t\t\t\t<section class=\"elementor-section elementor-top-section elementor-element elementor-element-a825c6c elementor-section-boxed elementor-section-height-default elementor-section-height-default\" data-id=\"a825c6c\" data-element_type=\"section\">\n\t\t\t\t\t\t\t<div class=\"elementor-background-overlay\"><\/div>\n\t\t\t\t\t\t\t<div class=\"elementor-container elementor-column-gap-default\">\n\t\t\t\t\t<div class=\"elementor-column elementor-col-100 elementor-top-column elementor-element elementor-element-5fd30af\" data-id=\"5fd30af\" data-element_type=\"column\">\n\t\t\t<div class=\"elementor-widget-wrap elementor-element-populated\">\n\t\t\t\t\t\t<div class=\"elementor-element elementor-element-c25bc0f animated-slow elementor-invisible elementor-widget elementor-widget-heading\" data-id=\"c25bc0f\" data-element_type=\"widget\" data-settings=\"{&quot;_animation&quot;:&quot;fadeInDown&quot;}\" data-widget_type=\"heading.default\">\n\t\t\t\t<div class=\"elementor-widget-container\">\n\t\t\t\t\t<h2 class=\"elementor-heading-title elementor-size-default\">SERVICIOS<\/h2>\t\t\t\t<\/div>\n\t\t\t\t<\/div>\n\t\t\t\t\t<\/div>\n\t\t<\/div>\n\t\t\t\t\t<\/div>\n\t\t<\/section>\n\t\t\t\t<section class=\"elementor-section elementor-top-section elementor-element elementor-element-7308ddb elementor-section-boxed elementor-section-height-default elementor-section-height-default\" data-id=\"7308ddb\" data-element_type=\"section\" data-settings=\"{&quot;background_background&quot;:&quot;classic&quot;}\">\n\t\t\t\t\t\t<div class=\"elementor-container elementor-column-gap-default\">\n\t\t\t\t\t<div class=\"elementor-column elementor-col-33 elementor-top-column elementor-element elementor-element-b02535d\" data-id=\"b02535d\" data-element_type=\"column\">\n\t\t\t<div class=\"elementor-widget-wrap elementor-element-populated\">\n\t\t\t\t\t\t<div class=\"elementor-element elementor-element-dfbaff0 elementor-widget elementor-widget-heading\" data-id=\"dfbaff0\" data-element_type=\"widget\" data-widget_type=\"heading.default\">\n\t\t\t\t<div class=\"elementor-widget-container\">\n\t\t\t\t\t<h3 class=\"elementor-heading-title elementor-size-default\">Corte y Grabado con tecnolog\u00eda l\u00e1ser<\/h3>\t\t\t\t<\/div>\n\t\t\t\t<\/div>\n\t\t\t\t<div class=\"elementor-element elementor-element-3621a40 animated-slow elementor-invisible elementor-widget elementor-widget-image\" data-id=\"3621a40\" data-element_type=\"widget\" data-settings=\"{&quot;_animation&quot;:&quot;fadeInLeft&quot;,&quot;_animation_delay&quot;:100}\" data-widget_type=\"image.default\">\n\t\t\t\t<div class=\"elementor-widget-container\">\n\t\t\t\t\t\t\t\t\t\t\t\t\t\t\t<img fetchpriority=\"high\" decoding=\"async\" width=\"768\" height=\"768\" src=\"https:\/\/acriya.co\/website\/wp-content\/uploads\/2020\/04\/800x800-Laser-1-768x768.jpg\" class=\"attachment-medium_large size-medium_large wp-image-109\" alt=\"\" srcset=\"https:\/\/acriya.co\/website\/wp-content\/uploads\/2020\/04\/800x800-Laser-1-768x768.jpg 768w, https:\/\/acriya.co\/website\/wp-content\/uploads\/2020\/04\/800x800-Laser-1-300x300.jpg 300w, https:\/\/acriya.co\/website\/wp-content\/uploads\/2020\/04\/800x800-Laser-1-150x150.jpg 150w, https:\/\/acriya.co\/website\/wp-content\/uploads\/2020\/04\/800x800-Laser-1.jpg 800w\" sizes=\"(max-width: 768px) 100vw, 768px\" \/>\t\t\t\t\t\t\t\t\t\t\t\t\t\t\t<\/div>\n\t\t\t\t<\/div>\n\t\t\t\t<div class=\"elementor-element elementor-element-d68fb8c elementor-widget elementor-widget-text-editor\" data-id=\"d68fb8c\" data-element_type=\"widget\" data-widget_type=\"text-editor.default\">\n\t\t\t\t<div class=\"elementor-widget-container\">\n\t\t\t\t\t\t\t\t\t<p><strong>Materiales para corte y grabado<\/strong>: Acr\u00edlico, MDF, policarbonato, cart\u00f3n, tela, cuero, papel, entre otros.<br \/>Preguntar seg\u00fan requerimiento.<\/p><p>El \u00e1rea m\u00e1xima para corte es de <strong>100cm x 130cm<\/strong><\/p>\t\t\t\t\t\t\t\t<\/div>\n\t\t\t\t<\/div>\n\t\t\t\t\t<\/div>\n\t\t<\/div>\n\t\t\t\t<div class=\"elementor-column elementor-col-33 elementor-top-column elementor-element elementor-element-4c303c0\" data-id=\"4c303c0\" data-element_type=\"column\">\n\t\t\t<div class=\"elementor-widget-wrap elementor-element-populated\">\n\t\t\t\t\t\t<div class=\"elementor-element elementor-element-f82842b elementor-widget elementor-widget-heading\" data-id=\"f82842b\" data-element_type=\"widget\" data-widget_type=\"heading.default\">\n\t\t\t\t<div class=\"elementor-widget-container\">\n\t\t\t\t\t<h3 class=\"elementor-heading-title elementor-size-default\">Corte y grabado en Router CNC<\/h3>\t\t\t\t<\/div>\n\t\t\t\t<\/div>\n\t\t\t\t<div class=\"elementor-element elementor-element-8a4f008 animated-slow elementor-invisible elementor-widget elementor-widget-image\" data-id=\"8a4f008\" data-element_type=\"widget\" data-settings=\"{&quot;_animation&quot;:&quot;fadeIn&quot;,&quot;_animation_delay&quot;:400}\" data-widget_type=\"image.default\">\n\t\t\t\t<div class=\"elementor-widget-container\">\n\t\t\t\t\t\t\t\t\t\t\t\t\t\t\t<img decoding=\"async\" width=\"768\" height=\"768\" data-src=\"https:\/\/acriya.co\/website\/wp-content\/uploads\/2020\/04\/800x800-RouterCNC-3-768x768.jpg\" class=\"attachment-medium_large size-medium_large wp-image-115 lazyload\" alt=\"\" data-srcset=\"https:\/\/acriya.co\/website\/wp-content\/uploads\/2020\/04\/800x800-RouterCNC-3-768x768.jpg 768w, https:\/\/acriya.co\/website\/wp-content\/uploads\/2020\/04\/800x800-RouterCNC-3-300x300.jpg 300w, https:\/\/acriya.co\/website\/wp-content\/uploads\/2020\/04\/800x800-RouterCNC-3-150x150.jpg 150w, https:\/\/acriya.co\/website\/wp-content\/uploads\/2020\/04\/800x800-RouterCNC-3.jpg 800w\" data-sizes=\"(max-width: 768px) 100vw, 768px\" src=\"data:image\/svg+xml;base64,PHN2ZyB3aWR0aD0iMSIgaGVpZ2h0PSIxIiB4bWxucz0iaHR0cDovL3d3dy53My5vcmcvMjAwMC9zdmciPjwvc3ZnPg==\" style=\"--smush-placeholder-width: 768px; --smush-placeholder-aspect-ratio: 768\/768;\" \/>\t\t\t\t\t\t\t\t\t\t\t\t\t\t\t<\/div>\n\t\t\t\t<\/div>\n\t\t\t\t<div class=\"elementor-element elementor-element-ede0792 elementor-widget elementor-widget-text-editor\" data-id=\"ede0792\" data-element_type=\"widget\" data-widget_type=\"text-editor.default\">\n\t\t\t\t<div class=\"elementor-widget-container\">\n\t\t\t\t\t\t\t\t\t<p><strong>Materiales para corte y grabado<\/strong>: Acr\u00edlico, MDF, policarbonato, alucob\u00f3n, madera, poliestireno, aluminio, entre otros. Preguntar seg\u00fan requerimiento.<\/p><p>El \u00e1rea m\u00e1xima para corte es de <strong>200cm x 300 cm.<\/strong><\/p>\t\t\t\t\t\t\t\t<\/div>\n\t\t\t\t<\/div>\n\t\t\t\t\t<\/div>\n\t\t<\/div>\n\t\t\t\t<div class=\"elementor-column elementor-col-33 elementor-top-column elementor-element elementor-element-eeb9a37\" data-id=\"eeb9a37\" data-element_type=\"column\">\n\t\t\t<div class=\"elementor-widget-wrap elementor-element-populated\">\n\t\t\t\t\t\t<div class=\"elementor-element elementor-element-5e29ae6 elementor-widget elementor-widget-heading\" data-id=\"5e29ae6\" data-element_type=\"widget\" data-widget_type=\"heading.default\">\n\t\t\t\t<div class=\"elementor-widget-container\">\n\t\t\t\t\t<h3 class=\"elementor-heading-title elementor-size-default\">Impresi\u00f3n digital gran formato<\/h3>\t\t\t\t<\/div>\n\t\t\t\t<\/div>\n\t\t\t\t<div class=\"elementor-element elementor-element-2b4ce5c animated-slow elementor-invisible elementor-widget elementor-widget-image\" data-id=\"2b4ce5c\" data-element_type=\"widget\" data-settings=\"{&quot;_animation&quot;:&quot;fadeInRight&quot;,&quot;_animation_delay&quot;:300}\" data-widget_type=\"image.default\">\n\t\t\t\t<div class=\"elementor-widget-container\">\n\t\t\t\t\t\t\t\t\t\t\t\t\t\t\t<img decoding=\"async\" width=\"768\" height=\"768\" data-src=\"https:\/\/acriya.co\/website\/wp-content\/uploads\/2020\/04\/800x800-Impresion-2-768x768.jpg\" class=\"attachment-medium_large size-medium_large wp-image-104 lazyload\" alt=\"\" data-srcset=\"https:\/\/acriya.co\/website\/wp-content\/uploads\/2020\/04\/800x800-Impresion-2-768x768.jpg 768w, https:\/\/acriya.co\/website\/wp-content\/uploads\/2020\/04\/800x800-Impresion-2-300x300.jpg 300w, https:\/\/acriya.co\/website\/wp-content\/uploads\/2020\/04\/800x800-Impresion-2-150x150.jpg 150w, https:\/\/acriya.co\/website\/wp-content\/uploads\/2020\/04\/800x800-Impresion-2.jpg 800w\" data-sizes=\"(max-width: 768px) 100vw, 768px\" src=\"data:image\/svg+xml;base64,PHN2ZyB3aWR0aD0iMSIgaGVpZ2h0PSIxIiB4bWxucz0iaHR0cDovL3d3dy53My5vcmcvMjAwMC9zdmciPjwvc3ZnPg==\" style=\"--smush-placeholder-width: 768px; --smush-placeholder-aspect-ratio: 768\/768;\" \/>\t\t\t\t\t\t\t\t\t\t\t\t\t\t\t<\/div>\n\t\t\t\t<\/div>\n\t\t\t\t<div class=\"elementor-element elementor-element-88b8ed2 elementor-widget elementor-widget-text-editor\" data-id=\"88b8ed2\" data-element_type=\"widget\" data-widget_type=\"text-editor.default\">\n\t\t\t\t<div class=\"elementor-widget-container\">\n\t\t\t\t\t\t\t\t\t<p><strong>Materiales<\/strong>: Todo tipo de vinilo adhesivo y banner.<br \/>\u00c1rea de Impresi\u00f3n: 180 cm ancho.<\/p>\t\t\t\t\t\t\t\t<\/div>\n\t\t\t\t<\/div>\n\t\t\t\t\t<\/div>\n\t\t<\/div>\n\t\t\t\t\t<\/div>\n\t\t<\/section>\n\t\t\t\t<section class=\"elementor-section elementor-top-section elementor-element elementor-element-ba0207e elementor-section-boxed elementor-section-height-default elementor-section-height-default\" data-id=\"ba0207e\" data-element_type=\"section\" data-settings=\"{&quot;background_background&quot;:&quot;classic&quot;}\">\n\t\t\t\t\t\t<div class=\"elementor-container elementor-column-gap-default\">\n\t\t\t\t\t<div class=\"elementor-column elementor-col-50 elementor-top-column elementor-element elementor-element-612db2d\" data-id=\"612db2d\" data-element_type=\"column\">\n\t\t\t<div class=\"elementor-widget-wrap elementor-element-populated\">\n\t\t\t\t\t\t<div class=\"elementor-element elementor-element-74754b5 animated-slow elementor-invisible elementor-widget elementor-widget-image\" data-id=\"74754b5\" data-element_type=\"widget\" data-settings=\"{&quot;_animation&quot;:&quot;fadeIn&quot;}\" data-widget_type=\"image.default\">\n\t\t\t\t<div class=\"elementor-widget-container\">\n\t\t\t\t\t\t\t\t\t\t\t\t\t\t\t<img decoding=\"async\" width=\"800\" height=\"800\" data-src=\"https:\/\/acriya.co\/website\/wp-content\/uploads\/2020\/04\/800x800-Imagen-3.jpg\" class=\"attachment-large size-large wp-image-93 lazyload\" alt=\"\" data-srcset=\"https:\/\/acriya.co\/website\/wp-content\/uploads\/2020\/04\/800x800-Imagen-3.jpg 800w, https:\/\/acriya.co\/website\/wp-content\/uploads\/2020\/04\/800x800-Imagen-3-300x300.jpg 300w, https:\/\/acriya.co\/website\/wp-content\/uploads\/2020\/04\/800x800-Imagen-3-150x150.jpg 150w, https:\/\/acriya.co\/website\/wp-content\/uploads\/2020\/04\/800x800-Imagen-3-768x768.jpg 768w\" data-sizes=\"(max-width: 800px) 100vw, 800px\" src=\"data:image\/svg+xml;base64,PHN2ZyB3aWR0aD0iMSIgaGVpZ2h0PSIxIiB4bWxucz0iaHR0cDovL3d3dy53My5vcmcvMjAwMC9zdmciPjwvc3ZnPg==\" style=\"--smush-placeholder-width: 800px; --smush-placeholder-aspect-ratio: 800\/800;\" \/>\t\t\t\t\t\t\t\t\t\t\t\t\t\t\t<\/div>\n\t\t\t\t<\/div>\n\t\t\t\t<div class=\"elementor-element elementor-element-d2c35c9 elementor-widget elementor-widget-text-editor\" data-id=\"d2c35c9\" data-element_type=\"widget\" data-widget_type=\"text-editor.default\">\n\t\t\t\t<div class=\"elementor-widget-container\">\n\t\t\t\t\t\t\t\t\t<h3 style=\"letter-spacing: normal; font-family: Poppins, Arial, Helvetica, sans-serif;\">Instalaci\u00f3n y montaje<\/h3><p style=\"font-size: 16px; font-weight: normal;\">Para que te despereocupes, tambi\u00e9n podemos realizar la instalaci\u00f3n y montaje de los servicios contratados:<\/p><p style=\"font-size: 16px; font-weight: normal;\">Avisos, vallas, se\u00f1al\u00e9tica, vinilos decorativos adhesivos, decoraci\u00f3n de vidrios, decoraci\u00f3n automotriz.<\/p>\t\t\t\t\t\t\t\t<\/div>\n\t\t\t\t<\/div>\n\t\t\t\t\t<\/div>\n\t\t<\/div>\n\t\t\t\t<div class=\"elementor-column elementor-col-50 elementor-top-column elementor-element elementor-element-2cc50c7\" data-id=\"2cc50c7\" data-element_type=\"column\">\n\t\t\t<div class=\"elementor-widget-wrap elementor-element-populated\">\n\t\t\t\t\t\t<div class=\"elementor-element elementor-element-0c4c551 animated-slow elementor-invisible elementor-widget elementor-widget-image\" data-id=\"0c4c551\" data-element_type=\"widget\" data-settings=\"{&quot;_animation&quot;:&quot;fadeIn&quot;}\" data-widget_type=\"image.default\">\n\t\t\t\t<div class=\"elementor-widget-container\">\n\t\t\t\t\t\t\t\t\t\t\t\t\t\t\t<img decoding=\"async\" width=\"800\" height=\"800\" data-src=\"https:\/\/acriya.co\/website\/wp-content\/uploads\/2020\/04\/800x800-Imagen-14.jpg\" class=\"attachment-large size-large wp-image-122 lazyload\" alt=\"\" data-srcset=\"https:\/\/acriya.co\/website\/wp-content\/uploads\/2020\/04\/800x800-Imagen-14.jpg 800w, https:\/\/acriya.co\/website\/wp-content\/uploads\/2020\/04\/800x800-Imagen-14-300x300.jpg 300w, https:\/\/acriya.co\/website\/wp-content\/uploads\/2020\/04\/800x800-Imagen-14-150x150.jpg 150w, https:\/\/acriya.co\/website\/wp-content\/uploads\/2020\/04\/800x800-Imagen-14-768x768.jpg 768w\" data-sizes=\"(max-width: 800px) 100vw, 800px\" src=\"data:image\/svg+xml;base64,PHN2ZyB3aWR0aD0iMSIgaGVpZ2h0PSIxIiB4bWxucz0iaHR0cDovL3d3dy53My5vcmcvMjAwMC9zdmciPjwvc3ZnPg==\" style=\"--smush-placeholder-width: 800px; --smush-placeholder-aspect-ratio: 800\/800;\" \/>\t\t\t\t\t\t\t\t\t\t\t\t\t\t\t<\/div>\n\t\t\t\t<\/div>\n\t\t\t\t<div class=\"elementor-element elementor-element-1cf8459 elementor-widget elementor-widget-text-editor\" data-id=\"1cf8459\" data-element_type=\"widget\" data-widget_type=\"text-editor.default\">\n\t\t\t\t<div class=\"elementor-widget-container\">\n\t\t\t\t\t\t\t\t\t<h3>Servicio de dise\u00f1o gr\u00e1fico y programaci\u00f3n para corte CNC.<\/h3><p>Dise\u00f1o gr\u00e1fico para piezas impresas, dise\u00f1o industrial para piezas publicitarias y mec\u00e1nicas, programaci\u00f3n para corte en nuestras m\u00e1quinas CNC.<\/p>\t\t\t\t\t\t\t\t<\/div>\n\t\t\t\t<\/div>\n\t\t\t\t\t<\/div>\n\t\t<\/div>\n\t\t\t\t\t<\/div>\n\t\t<\/section>\n\t\t\t\t<section class=\"elementor-section elementor-top-section elementor-element elementor-element-9237164 elementor-section-boxed elementor-section-height-default elementor-section-height-default\" data-id=\"9237164\" data-element_type=\"section\" data-settings=\"{&quot;background_background&quot;:&quot;classic&quot;}\">\n\t\t\t\t\t\t<div class=\"elementor-container elementor-column-gap-default\">\n\t\t\t\t\t<div class=\"elementor-column elementor-col-100 elementor-top-column elementor-element elementor-element-9b7b367\" data-id=\"9b7b367\" data-element_type=\"column\">\n\t\t\t<div class=\"elementor-widget-wrap elementor-element-populated\">\n\t\t\t\t\t\t<div class=\"elementor-element elementor-element-ef6bdd2 elementor-widget elementor-widget-heading\" data-id=\"ef6bdd2\" data-element_type=\"widget\" data-widget_type=\"heading.default\">\n\t\t\t\t<div class=\"elementor-widget-container\">\n\t\t\t\t\t<h2 class=\"elementor-heading-title elementor-size-default\">\u00bf Necesitas un presupuesto ?<\/h2>\t\t\t\t<\/div>\n\t\t\t\t<\/div>\n\t\t\t\t<div class=\"elementor-element elementor-element-9682c01 elementor-widget elementor-widget-text-editor\" data-id=\"9682c01\" data-element_type=\"widget\" data-widget_type=\"text-editor.default\">\n\t\t\t\t<div class=\"elementor-widget-container\">\n\t\t\t\t\t\t\t\t\t<p style=\"text-align: center;\">Al enviar \u00e9sta solicitud entiendo y acepto las pol\u00edticas que Acriya S.A.S. tiene en cuanto a <a href=\"https:\/\/acriya.co\/website\/privacy-policy\/\">privacidad y tratamiento de datos personales<\/a><\/p><p style=\"text-align: center;\"><div class=\"wpforms-container wpforms-container-full\" id=\"wpforms-308\"><form id=\"wpforms-form-308\" class=\"wpforms-validate wpforms-form\" data-formid=\"308\" method=\"post\" enctype=\"multipart\/form-data\" action=\"\/website\/wp-json\/wp\/v2\/pages\/133\" data-token=\"094d6eedb5a047446b944750d578edea\" data-token-time=\"1778536187\"><noscript class=\"wpforms-error-noscript\">Por favor, activa JavaScript en tu navegador para completar este formulario.<\/noscript><div class=\"wpforms-field-container\"><div id=\"wpforms-308-field_8-container\" class=\"wpforms-field wpforms-field-select\" data-field-id=\"8\"><label class=\"wpforms-field-label\" for=\"wpforms-308-field_8\">\u00bfPara qu\u00e9n es este presupuesto?<\/label><select id=\"wpforms-308-field_8\" class=\"wpforms-field-medium\" name=\"wpforms[fields][8]\"><option value=\"Es para una persona\"  class=\"choice-1 depth-1\"  >Es para una persona<\/option><option value=\"Es para una empresa\"  class=\"choice-2 depth-1\"  >Es para una empresa<\/option><\/select><div class=\"wpforms-field-description\">Personal o Empresarial<\/div><\/div><div id=\"wpforms-308-field_0-container\" class=\"wpforms-field wpforms-field-name\" data-field-id=\"0\"><label class=\"wpforms-field-label\">Nombre <span class=\"wpforms-required-label\">*<\/span><\/label><div class=\"wpforms-field-row wpforms-field-medium\"><div class=\"wpforms-field-row-block wpforms-first wpforms-one-half\"><input type=\"text\" id=\"wpforms-308-field_0\" class=\"wpforms-field-name-first wpforms-field-required\" name=\"wpforms[fields][0][first]\" required><label for=\"wpforms-308-field_0\" class=\"wpforms-field-sublabel after\">Nombre<\/label><\/div><div class=\"wpforms-field-row-block wpforms-one-half\"><input type=\"text\" id=\"wpforms-308-field_0-last\" class=\"wpforms-field-name-last wpforms-field-required\" name=\"wpforms[fields][0][last]\" required><label for=\"wpforms-308-field_0-last\" class=\"wpforms-field-sublabel after\">Apellidos<\/label><\/div><\/div><\/div><div id=\"wpforms-308-field_3-container\" class=\"wpforms-field wpforms-field-text\" data-field-id=\"3\"><label class=\"wpforms-field-label\" for=\"wpforms-308-field_3\">Cargo<\/label><input type=\"text\" id=\"wpforms-308-field_3\" class=\"wpforms-field-medium\" name=\"wpforms[fields][3]\" ><\/div><div id=\"wpforms-308-field_1-container\" class=\"wpforms-field wpforms-field-email\" data-field-id=\"1\"><label class=\"wpforms-field-label\" for=\"wpforms-308-field_1\">Correo electr\u00f3nico <span class=\"wpforms-required-label\">*<\/span><\/label><input type=\"email\" id=\"wpforms-308-field_1\" class=\"wpforms-field-medium wpforms-field-required\" name=\"wpforms[fields][1]\" spellcheck=\"false\" required><\/div><div id=\"wpforms-308-field_4-container\" class=\"wpforms-field wpforms-field-text\" data-field-id=\"4\"><label class=\"wpforms-field-label\" for=\"wpforms-308-field_4\">Nombre de la Empresa<\/label><input type=\"text\" id=\"wpforms-308-field_4\" class=\"wpforms-field-medium\" name=\"wpforms[fields][4]\" ><\/div><div id=\"wpforms-308-field_6-container\" class=\"wpforms-field wpforms-field-text\" data-field-id=\"6\"><label class=\"wpforms-field-label\" for=\"wpforms-308-field_6\">Direcci\u00f3n <span class=\"wpforms-required-label\">*<\/span><\/label><input type=\"text\" id=\"wpforms-308-field_6\" class=\"wpforms-field-medium wpforms-field-required\" name=\"wpforms[fields][6]\" required><\/div><div id=\"wpforms-308-field_7-container\" class=\"wpforms-field wpforms-field-text\" data-field-id=\"7\"><label class=\"wpforms-field-label\" for=\"wpforms-308-field_7\">Tel\u00e9fono \/ M\u00f3vil <span class=\"wpforms-required-label\">*<\/span><\/label><input type=\"text\" id=\"wpforms-308-field_7\" class=\"wpforms-field-medium wpforms-field-required\" name=\"wpforms[fields][7]\" required><\/div><div id=\"wpforms-308-field_2-container\" class=\"wpforms-field wpforms-field-textarea\" data-field-id=\"2\"><label class=\"wpforms-field-label\" for=\"wpforms-308-field_2\">Comentario o mensaje <span class=\"wpforms-required-label\">*<\/span><\/label><textarea id=\"wpforms-308-field_2\" class=\"wpforms-field-medium wpforms-field-required\" name=\"wpforms[fields][2]\" required><\/textarea><\/div><\/div><!-- .wpforms-field-container --><div class=\"wpforms-field wpforms-field-hp\"><label for=\"wpforms-308-field-hp\" class=\"wpforms-field-label\">Phone<\/label><input type=\"text\" name=\"wpforms[hp]\" id=\"wpforms-308-field-hp\" class=\"wpforms-field-medium\"><\/div><div class=\"wpforms-submit-container\" ><input type=\"hidden\" name=\"wpforms[id]\" value=\"308\"><input type=\"hidden\" name=\"page_title\" value=\"\"><input type=\"hidden\" name=\"page_url\" value=\"https:\/\/acriya.co\/website\/wp-json\/wp\/v2\/pages\/133\"><input type=\"hidden\" name=\"url_referer\" value=\"\"><button type=\"submit\" name=\"wpforms[submit]\" id=\"wpforms-submit-308\" class=\"wpforms-submit\" data-alt-text=\"Enviando...\" data-submit-text=\"Enviar\" aria-live=\"assertive\" value=\"wpforms-submit\">Enviar<\/button><\/div><\/form><\/div>  <!-- .wpforms-container --><\/p>\t\t\t\t\t\t\t\t<\/div>\n\t\t\t\t<\/div>\n\t\t\t\t\t<\/div>\n\t\t<\/div>\n\t\t\t\t\t<\/div>\n\t\t<\/section>\n\t\t\t\t<section class=\"elementor-section elementor-top-section elementor-element elementor-element-0fd2840 elementor-section-boxed elementor-section-height-default elementor-section-height-default\" data-id=\"0fd2840\" data-element_type=\"section\">\n\t\t\t\t\t\t<div class=\"elementor-container elementor-column-gap-default\">\n\t\t\t\t\t<div class=\"elementor-column elementor-col-100 elementor-top-column elementor-element elementor-element-326e1bb\" data-id=\"326e1bb\" data-element_type=\"column\">\n\t\t\t<div class=\"elementor-widget-wrap elementor-element-populated\">\n\t\t\t\t\t\t<div class=\"elementor-element elementor-element-ef64542 elementor-shape-rounded elementor-grid-0 e-grid-align-center elementor-widget elementor-widget-social-icons\" data-id=\"ef64542\" data-element_type=\"widget\" data-widget_type=\"social-icons.default\">\n\t\t\t\t<div class=\"elementor-widget-container\">\n\t\t\t\t\t\t\t<div class=\"elementor-social-icons-wrapper elementor-grid\" role=\"list\">\n\t\t\t\t\t\t\t<span class=\"elementor-grid-item\" role=\"listitem\">\n\t\t\t\t\t<a class=\"elementor-icon elementor-social-icon elementor-social-icon-facebook elementor-repeater-item-a01ee8e\" href=\"https:\/\/www.facebook.com\/acrilicosacriya\/\" target=\"_blank\">\n\t\t\t\t\t\t<span class=\"elementor-screen-only\">Facebook<\/span>\n\t\t\t\t\t\t<i aria-hidden=\"true\" class=\"fab fa-facebook\"><\/i>\t\t\t\t\t<\/a>\n\t\t\t\t<\/span>\n\t\t\t\t\t\t\t<span class=\"elementor-grid-item\" role=\"listitem\">\n\t\t\t\t\t<a class=\"elementor-icon elementor-social-icon elementor-social-icon-instagram elementor-repeater-item-dffbe14\" href=\"https:\/\/www.instagram.com\/acriya.sas\/\" target=\"_blank\">\n\t\t\t\t\t\t<span class=\"elementor-screen-only\">Instagram<\/span>\n\t\t\t\t\t\t<i aria-hidden=\"true\" class=\"fab fa-instagram\"><\/i>\t\t\t\t\t<\/a>\n\t\t\t\t<\/span>\n\t\t\t\t\t\t\t<span class=\"elementor-grid-item\" role=\"listitem\">\n\t\t\t\t\t<a class=\"elementor-icon elementor-social-icon elementor-social-icon-whatsapp elementor-repeater-item-d5fbb52\" href=\"https:\/\/api.whatsapp.com\/send?phone=+573204627661&#038;text=Hola,%20vi%20tu%20p%C3%A1gina%20web,%20quiero%20m%C3%A1s%20informaci%C3%B3n%20sobre%20lamina%20de%20acr%C3%ADlico.\" target=\"_blank\">\n\t\t\t\t\t\t<span class=\"elementor-screen-only\">Whatsapp<\/span>\n\t\t\t\t\t\t<i aria-hidden=\"true\" class=\"fab fa-whatsapp\"><\/i>\t\t\t\t\t<\/a>\n\t\t\t\t<\/span>\n\t\t\t\t\t<\/div>\n\t\t\t\t\t\t<\/div>\n\t\t\t\t<\/div>\n\t\t\t\t\t<\/div>\n\t\t<\/div>\n\t\t\t\t\t<\/div>\n\t\t<\/section>\n\t\t\t\t<\/div>\n\t\t","protected":false},"excerpt":{"rendered":"<p>SERVICIOS Corte y Grabado con tecnolog\u00eda l\u00e1ser Materiales para corte y grabado: Acr\u00edlico, MDF, policarbonato, cart\u00f3n, tela, cuero, papel, entre otros.Preguntar seg\u00fan requerimiento. El \u00e1rea m\u00e1xima para corte es de 100cm x 130cm Corte y grabado en Router CNC Materiales para corte y grabado: Acr\u00edlico, MDF, policarbonato, alucob\u00f3n, madera, poliestireno, aluminio, entre otros. Preguntar seg\u00fan&hellip;&nbsp;<a href=\"https:\/\/acriya.co\/website\/servicios-corte-laser-y-router-cnc-en-bogota-articulos-publicitarios\/\" rel=\"bookmark\">Leer m\u00e1s &raquo;<span class=\"screen-reader-text\">Servicios<\/span><\/a><\/p>\n","protected":false},"author":1,"featured_media":0,"parent":0,"menu_order":0,"comment_status":"closed","ping_status":"closed","template":"page-templates\/template-pagebuilder-full-width.php","meta":{"_acf_changed":false,"neve_meta_sidebar":"full-width","neve_meta_container":"","neve_meta_enable_content_width":"on","neve_meta_content_width":100,"neve_meta_title_alignment":"","neve_meta_author_avatar":"","neve_post_elements_order":"","neve_meta_disable_header":"","neve_meta_disable_footer":"","neve_meta_disable_title":"","footnotes":""},"class_list":["post-133","page","type-page","status-publish","hentry"],"acf":[],"_links":{"self":[{"href":"https:\/\/acriya.co\/website\/wp-json\/wp\/v2\/pages\/133","targetHints":{"allow":["GET"]}}],"collection":[{"href":"https:\/\/acriya.co\/website\/wp-json\/wp\/v2\/pages"}],"about":[{"href":"https:\/\/acriya.co\/website\/wp-json\/wp\/v2\/types\/page"}],"author":[{"embeddable":true,"href":"https:\/\/acriya.co\/website\/wp-json\/wp\/v2\/users\/1"}],"replies":[{"embeddable":true,"href":"https:\/\/acriya.co\/website\/wp-json\/wp\/v2\/comments?post=133"}],"version-history":[{"count":43,"href":"https:\/\/acriya.co\/website\/wp-json\/wp\/v2\/pages\/133\/revisions"}],"predecessor-version":[{"id":1035,"href":"https:\/\/acriya.co\/website\/wp-json\/wp\/v2\/pages\/133\/revisions\/1035"}],"wp:attachment":[{"href":"https:\/\/acriya.co\/website\/wp-json\/wp\/v2\/media?parent=133"}],"curies":[{"name":"wp","href":"https:\/\/api.w.org\/{rel}","templated":true}]}}